e greatest common divisor of 1530 and 4177750.
170
Calculate the greatest common factor of 420 and 8474214.
42
What is the greatest common factor of 220 and 40440510?
110
Calculate the greatest common divisor of 375 and 1597625.
125
What is the greatest common divisor of 724284027 and 9?
9
Calculate the highest common factor of 7568 and 88148280.
3784
Calculate the greatest common divisor of 31682 and 8325577.
2263
What is the highest common factor of 115092 and 2672136?
5004
What is the greatest common factor of 5589 and 24768815?
23
What is the highest common factor of 188160 and 5220?
60
Calculate the greatest common divisor of 3753 and 9747.
27
Calculate the greatest common divisor of 5335 and 35.
5
What is the greatest common factor of 1020 and 421140?
60
Calculate the greatest common factor of 5207 and 845912.
41
What is the greatest common factor of 264 and 847752?
24
Calculate the highest common divisor of 30460428 and 224999.
3169
Calculate the highest common factor of 83551 and 1599.
13
Calculate the highest common factor of 904868336 and 16.
16
What is the greatest common divisor of 220526 and 1414783?
1553
What is the greatest common factor of 25 and 532898425?
25
What is the highest common factor of 10640 and 311885?
665
Calculate the highest common factor of 213 and 17578535.
71
Calculate the highest common factor of 4 and 11335814.
2
What is the highest common factor of 14083740 and 80?
20
Calculate the greatest common factor of 14773 and 6426.
17
Calculate the greatest common divisor of 3015 and 3889953.
603
Calculate the greatest common divisor of 4366749 and 93344.
2917
Calculate the greatest common factor of 67190736 and 873.
291
Calculate the highest common factor of 32 and 9479968.
32
Calculate the greatest common divisor of 34346 and 63362.
26
Calculate the greatest common factor of 11 and 6082043.
11
What is the highest common factor of 25851331 and 363?
11
Calculate the greatest common factor of 477 and 233147.
53
What is the highest common divisor of 1894529 and 9373?
91
Calculate the highest common divisor of 2272230 and 162.
18
What is the highest common factor of 8 and 7240411?
1
What is the highest common divisor of 530035233 and 13?
13
Calculate the highest common divisor of 38288640 and 845.
845
Calculate the greatest common divisor of 28 and 176003156.
28
What is the greatest common divisor of 7046224 and 64?
16
Calculate the greatest common divisor of 337851520 and 2010.
670
What is the highest common divisor of 159960 and 1271310?
930
Calculate the highest common factor of 4106823 and 9415.
1883
What is the greatest common divisor of 23904 and 202437?
747
What is the greatest common divisor of 700 and 2025625?
175
What is the greatest common divisor of 11169 and 95212002?
3723
What is the highest common divisor of 2032 and 671068?
508
What is the greatest common factor of 525 and 31619385?
105
Calculate the highest common divisor of 636 and 43124934.
318
What is the greatest common factor of 2412723 and 12933?
1437
What is the greatest common factor of 32069768 and 54216?
2008
What is the greatest common factor of 51954576 and 80?
16
Calculate the greatest common divisor of 20521368 and 464436.
4788
What is the highest common factor of 1577715 and 1605?
1605
What is the greatest common divisor of 32724 and 8793868?
404
What is the greatest common divisor of 96 and 22203392?
32
What is the highest common factor of 908 and 2312486228?
908
Calculate the greatest common divisor of 1634 and 200374.
38
What is the greatest common factor of 2579 and 96219911?
2579
Calculate the highest common divisor of 15566224 and 17568.
976
Calculate the greatest common factor of 450519564 and 456.
228
What is the highest common divisor of 2410 and 671120?
10
What is the greatest common divisor of 19440 and 1096080?
240
What is the highest common divisor of 9958008 and 17928?
1992
Calculate the highest common divisor of 31283 and 111069.
287
Calculate the highest common divisor of 170 and 6707790.
10
Calculate the greatest common factor of 1267843 and 64949.
107
Calculate the highest common factor of 102 and 432950458.
34
Calculate the greatest common factor of 104100 and 11321916.
4164
Calculate the greatest common factor of 420 and 7415380.
140
Calculate the greatest common factor of 8691776 and 107468.
268
What is the highest common divisor of 5834946 and 5008?
626
What is the highest common factor of 3287735428 and 652?
652
Calculate the highest common factor of 79023 and 470163.
159
What is the highest common divisor of 9270 and 46728?
18
Calculate the highest common factor of 2739 and 481666845.
2739
What is the highest common factor of 279879 and 89117?
29
What is the highest common divisor of 8829 and 6744375?
981
What is the highest common factor of 318648 and 136675?
781
What is the highest common factor of 1610 and 648088?
14
Calculate the highest common divisor of 4225 and 6437275.
325
Calculate the greatest common factor of 7336 and 1574096.
1048
What is the greatest common divisor of 14760 and 384840?
360
Calculate the highest common divisor of 16682 and 1147546.
878
Calculate the highest common factor of 115799 and 1877021.
2693
What is the highest common factor of 336 and 63989616?
48
What is the greatest common divisor of 101055 and 10290?
15
Calculate the greatest common divisor of 5621658 and 1029.
21
Calculate the greatest common factor of 81960025 and 22960.
1435
What is the highest common factor of 1262359 and 2933?
7
What is the greatest common factor of 29145640 and 60680?
1480
Calculate the highest common divisor of 496 and 2579088.
16
What is the highest common factor of 2210343 and 30?
3
What is the highest common divisor of 304091354 and 294?
98
Calculate the greatest common factor of 35 and 330336433.
7
Calculate the greatest common factor of 9585675 and 2376.
297
What is the greatest common divisor of 698841 and 206778?
429
What is the highest common factor of 2798964 and 2088?
1044
Calculate the highest common factor of 116 and 21913196.
4
Calculate the highest common divisor of 80 and 20929968.
16
Calculate the greatest common divisor of 1337 and 24690379.
1337
What is the greatest common divisor of 33416871 and 2067?
159
Calculate the highest common factor of 215881 and 7416793.
3659
Calculate the greatest common factor of 774925284 and 8302.
8302
What is the greatest common factor of 147672 and 87528?
168
What is the greatest common divisor of 6536 and 15552412?
3268
What is the greatest common factor of 13284528 and 4326?
618
What is the greatest common factor of 1094744 and 62602?
226
Calculate the highest common divisor of 124 and 117858404.
124
Calculate the highest common factor of 19469 and 1241.
1
Calculate the highest common divisor of 13898875 and 1025.
25
Calculate the greatest common divisor of 4849603 and 1599.
41
Calculate the greatest common divisor of 97327790 and 1442.
1442
What is the greatest common factor of 67346 and 385201?
151
What is the greatest common factor of 29620556 and 28?
28
What is the highest common divisor of 33094925 and 25?
25
Calculate the greatest common factor of 1170851340 and 552.
276
Calculate the greatest common factor of 8598 and 46974.
6
Calculate the highest common factor of 255056 and 1176.
8
Calculate the greatest common divisor of 29392500 and 1308.
12
Calculate the greatest common factor of 198444870 and 30.
30
What is the greatest common divisor of 77 and 715143?
11
Calculate the highest common divisor of 19957 and 21499391.
2851
Calculate the greatest common divisor of 6061 and 861619.
319
What is the highest common divisor of 137239470 and 5202?
306
Calculate the highest common divisor of 19205982 and 3.
3
Calculate the highest common divisor of 19260 and 2477160.
180
What is the greatest common divisor of 1771 and 571251989?
1771
What is the greatest common divisor of 1611380 and 3610?
10
What is the highest common divisor of 176336 and 2124272?
1648
What is the greatest common divisor of 192 and 215864256?
192
What is the greatest common factor of 6 and 4073262?
6
What is the highest common factor of 32 and 147752288?
32
What is the highest common factor of 280 and 3079594?
14
Calculate the highest common divisor of 35713 and 193.
1
Calcu